2352. List the prime factors of j.
2, 3, 7
Let w be (35/(-14))/((-10)/4). What are the prime factors of -4 - w - (-1896)/3?
3, 11, 19
Suppose 431496 = 8*j + 25*j - 15*j. List the prime factors of j.
2, 13, 461
Let v be -180 + 4/((-12)/6). Let p = 31 - v. List the prime factors of p.
3, 71
Let a(d) = 2*d - 25. Let r be 10/3*198/44. List the prime factors of a(r).
5
Let l(h) = -101*h + 11. Let g(i) = i**2 - 10*i + 12. Let s be g(9). Let n be l(s). Let a = 415 + n. List the prime factors of a.
3, 41
Let z(l) = l**3 - 3*l**2 - 13*l + 5. Let r be z(12). Let i = r - 550. Suppose 8*n - n = i. What are the prime factors of n?
5, 17
Suppose 0 = -5*z + 4*r + 110, -3*z + 0*r + r + 59 = 0. Suppose -q - z = 7. List the prime factors of 19 - (-1 + q/(-5)).
3, 5
Let m = 70 + 156. List the prime factors of (m - (9 - 3)) + (3 - 1).
2, 3, 37
Let d(z) = -140*z - 5. Let f be d(2). Let n = 296 - f. What are the prime factors of n?
7, 83
Let g = -175 + 174. List the prime factors of 2 + 287*3 + (g - -3).
5, 173
Let w(b) = 72*b - 107. Let u be w(15). Suppose 4*n - 3882 = 2*k, -u = n - 2*n + 3*k. What are the prime factors of n?
2, 5, 97
Suppose 4*l - 5*q = 1346 + 2314, -3*l - q + 2745 = 0. Let z = 1550 - l. List the prime factors of z.
5, 127
Let n(k) = -11*k + 44. Let h be n(6). Let y(i) = -i**3 - 23*i**2 - 22*i + 22. Let q be y(h). Let j = 93 + q. What are the prime factors of j?
5, 23
List the prime factors of 24912*(1215/(-60) - -22).
2, 3, 7, 173
Let x = 789 - 460. Suppose x*q - 3255 = 324*q. What are the prime factors of q?
3, 7, 31
Suppose 0 = -2*r + 4*r - 8, -2*i + 5*r = -418. Suppose 16 = 7*v - 5. Suppose 2*x - 149 = -v*j, 0*j - 3*j + i = 3*x. List the prime factors of x.
2, 5, 7
Let d = -9083 + 36082. What are the prime factors of d?
7, 19, 29
Suppose 5*k = -b + 26738, -53443 = -2*b - 726*k + 727*k. What are the prime factors of b?
26723
Let o(b) = b - 12. Let n be o(11). What are the prime factors of 288 - (-5 + (n - -7))?
7, 41
Let f = 79 + -75. Suppose -b + 8 = -z, -f*z + 4*b + 28 = -5*z. Let r = z + 69. List the prime factors of r.
3, 19
List the prime factors of (-73)/(-1095) + ((-131639)/(-15) - 3).
31, 283
Let r = 444 + 199. Suppose 0 = s + 29*c - 24*c - 364, -364 = -s - 4*c. Let a = r - s. What are the prime factors of a?
3, 31
Suppose -30944 = -5*v + 3*y, 3*v = 7*y - 3*y + 18573. What are the prime factors of v?
23, 269
Suppose -3*y + 2 = -4*y. Let q(d) = -d**3 - d**2 + 2*d + 2. Let g be q(y). List the prime factors of 2/(-14) + (g - 2132/(-28)).
2, 3, 13
Let u = 23 - 16. Let t be 1/((3 - u) + 3). List the prime factors of t - -40 - 0/4.
3, 13
Let m(g) = 6*g**2 + 139*g + 575. What are the prime factors of m(58)?
3, 13, 739
Suppose -4*k + 7 = -5*x - 59, 0 = -2*k + 5*x + 28. Suppose -3*t = -a - 838, -22*t = -k*t - 4*a - 832. What are the prime factors of t?
2, 5, 7
Let t be 0/((-1)/((-1)/(-2))). Suppose 3*f + 12 = 0, t = 2*o + o + f - 707. Suppose 27 = -n + o. What are the prime factors of n?
2, 3, 5, 7
Let l(j) = 24*j - 70. Let f be l(3). Suppose -3*b = 4*z - f*b - 831, -3*z - 3*b = -630. What are the prime factors of z?
3, 23
Let h = 72250 - 42538. What are the prime factors of (-6)/15 + h/80?
7, 53
Suppose 2*j - 19 = 5*h, j + 12 + 11 = -4*h. Let t be h/(-80)*4*20. Suppose 0*n = -t*n + 300. List the prime factors of n.
2, 3, 5
Let m = -17462 + 82913. List the prime factors of m.
3, 21817
Let t = 21605 + -1225. List the prime factors of t.
2, 5, 1019
Let o(z) = 16*z**2 + 355*z + 7. List the prime factors of o(-30).
13, 17
Let m = 48 - -22. List the prime factors of (-250)/(-7) + 20/m.
2, 3
Suppose 3*s - 738 = -2082. Suppose 24 + 130 = -11*a. List the prime factors of ((-12)/a)/((-8)/s).
2, 3
Suppose -159*n + 160*n - 39852 = -3*c, 5*c = -3*n + 119536. What are the prime factors of n?
3, 7, 271
Let r(x) = -x**3 + 5270*x**2 - 10*x - 5279*x**2 + 0 + 1. Let y = -17 - -9. What are the prime factors of r(y)?
17
Let f(b) = b + 10. Let q be f(-10). Suppose q = -5*u + 7*k - 11*k + 1750, -4*u + 1400 = 5*k. List the prime factors of u.
2, 5, 7
Suppose 0 = 8*k - 0*k + 128. Let n(m) = -2*m**3 - 33*m**2 - 17*m + 45. What are the prime factors of n(k)?
61
Let u be (-12)/10*30/(-9). Let q be (-2)/12*u - 17/(-3). Suppose 4*x + q*l - 472 = 0, 3*x - 361 + 14 = -2*l. List the prime factors of x.
113
Let z(q) = 2*q**2 - 5*q - 4. Let a be z(4). List the prime factors of a/(-8*(-2)/312).
2, 3, 13
Let r(t) = -526*t + 129. List the prime factors of r(-8).
4337
Let k = 32 + -23. Suppose 8*u + 3 = k*u. Suppose 0 = 2*g + u*p - 97, -3*g + 5*p + 171 = p. List the prime factors of g.
53
Let r(u) = -4*u**3 - 1 + 11*u + 21*u**2 - 5 - 22*u**2. What are the prime factors of r(-4)?
2, 5, 19
Let t = 4636 + -983. Let o = t - 2510. What are the prime factors of o?
3, 127
Let x = 4623 + -4594. Let q be 10/(-3)*(-9)/2. Let i = x - q. List the prime factors of i.
2, 7
Let c = 9622 - -4993. List the prime factors of c.
5, 37, 79
List the prime factors of (362/5)/(5/(-8) - 31878/(-50160)).
2, 19, 181
Let z = -37 + 16. Let p = z + 26. Suppose 0 = 5*y - u - 220, 2*u + 230 = p*y - u. List the prime factors of y.
43
Let z(w) = 16 - 8*w**2 - 2*w**2 - w**3 - 3 + 4*w + 10*w. List the prime factors of z(-13).
2, 13
Let a(g) = 2*g + 58. List the prime factors of a(-28).
2
List the prime factors of 19/((-152)/(-181908))*1/(6/8).
2, 3, 31, 163
Let i(r) = r**3 + 19*r**2 + 53*r - 477. What are the prime factors of i(21)?
2, 3, 1523
Let g = 14210 - 1517. What are the prime factors of g?
3, 4231
Suppose -7*y + 8*y - 9 = 0. Suppose -2*k = -g + 6, -3*g - 1 = -k - y. Suppose g = l + 5, -703 = -5*s + l. List the prime factors of s.
2, 5, 7
Let o(g) = 38*g**2 - 5*g - 52. Let l be (((-189)/18)/7)/((-3)/(-14)). What are the prime factors of o(l)?
3, 5, 41
Suppose q - v + 2 = 0, 5*v + 1 + 9 = q. Let f be (2/q)/((-22)/55). What are the prime factors of 1 + -1 + 148 + f?
149
Suppose 0 = 2*q + n - 1 - 2, -4*q + 3*n + 21 = 0. Suppose -5*s = -q*s - 754. What are the prime factors of s?
13, 29
Let i = 4567 - -10440. What are the prime factors of i?
43, 349
Let v = 306 + -776. Let t = v + 546. List the prime factors of t.
2, 19
Suppose -3*l = 4*n - 680, -3*l + 154 = 2*n - 516. Suppose 18 + 115 = -r. Let k = r + l. What are the prime factors of k?
3, 29
Suppose 2*k - 16 = 5*w, 5*k + 6*w + 26 = 2*w. List the prime factors of ((-1176)/7 + 4)/(k/4).
2, 41
Let f(z) = -z - 14. Let v be f(-14). Suppose -2*c - 3*c + 760 = v. Let p = c - 45. What are the prime factors of p?
107
Let h(m) = 59*m**2 - 77*m + 7. List the prime factors of h(26).
37889
Suppose -3*a - 147238 = -4*h, -63*h = -58*h - a - 184064. What are the prime factors of h?
2, 79, 233
Suppose -2*u = -2*d - 2*d - 6, 6 = -4*u - d. Let y be (-45)/(-4 + (u - -4)). Suppose 5*f - 340 = -y. What are the prime factors of f?
59
Let x(d) = -184*d - 124. Let q(h) = h - 3. Let p(t) = -12*q(t) - x(t). List the prime factors of p(6).
2, 149
Let k(b) = -18 + b**2 + 26 - 15*b + 29. Let c be 120/8 + 2/(-4)*0. What are the prime factors of k(c)?
37
Let c = -5230 + 5221. Let f(d) = -18 + 1 + 0*d + 2*d**2 - 2*d. List the prime factors of f(c).
163
Let c = 36819 + -22091. List the prime factors of c.
2, 7, 263
Suppose -3*j = -6*j + 4*l + 41569, -5*l = -40. List the prime factors of j.
7, 283
Let p(r) = -6892*r - 516. List the prime factors of p(-1).
2, 797
List the prime factors of ((-344)/(-1032))/(0 + (-2)/(-258786)).
3, 11, 1307
Suppose 4*p - 266494 = g, -25*p + 26*p + 5*g - 66634 = 0. What are the prime factors of p?
2, 3, 347
Let q be (-21)/35*(4/4 - -34). Let f = 332 - q. List the prime factors of f.
353
Let x be (4 + 121/(-33))*(-16 - -1). What are the prime factors of (-2278)/x + (189/(-45))/7?
5, 7, 13
Suppose 0 = -67*m + 64*m - 3*y + 27153, -3*m + 27154 = 4*y. What are the prime factors of m?
2, 5, 181
Let x = -135 + 140. Suppose -x*p - 3418 = -2*j, 5127 = 6*j - 3*j + p. What are the prime factors of j?
1709
Suppose -n = 3*w + 5, -4*n + 13 = -5*w + 33. Suppose -l + 4*o + 6 + 117 = 0, -l + 2*o + 113 = w. List the prime factors of l.
103
Let u(r) = -r**3 + 6*r**2 - 4*r + 2. Let f be u(5). Let z(v) = -v**3 - 11*v + 4. Let b be z(f). List the prime factors of (-5*(-1)/10)/((-1)/b).
2, 13
Let k(n) = -4*n + 3*n**2 + 8*n**2 - 4*n**2 - 2*n**2 - 3. Let o be k(7). List the prime facto